- 6 = -5*s. What are the prime factors of s?
2
Suppose -3*w + 6 = -0*w. Suppose -2*o + 3*x - 1 = 0, -w*o - o - x + 4 = 0. What are the prime factors of o + -3 - -2 - -12?
2, 3
Let f be 1 + 4/(4/3). Suppose 3*c - 14 = -4*u, 3*c = 2*u + 3*u - f. What are the prime factors of u?
2
Suppose 4*d - 23 + 3 = 0. Suppose d*h - 48 = 142. List the prime factors of h.
2, 19
What are the prime factors of (1 - -5)*3/6?
3
Let h(q) be the first derivative of -q**5/60 - q**4/3 + q**3 - 1. Let l(u) be the third derivative of h(u). List the prime factors of l(-6).
2
List the prime factors of (-11 - -83) + -2*2.
2, 17
Let a(g) = 4*g - 3*g - 2*g + 25 + g**2. Let p be a(0). Suppose -6*u + u = p, -3*x - 2*u = -2. List the prime factors of x.
2
Let p be (-1575)/(-20) + (-2)/(-8). Let z(x) = 7*x - 7. Let y be z(5). Suppose 45 = 4*i + 3*o, 4*i + y = -5*o + p. What are the prime factors of i?
3
Let d = -14 - -8. Let h be -3*(4/d - 0). Let x = 2 + h. What are the prime factors of x?
2
Let g(w) = -w**2 - 10*w + 7. What are the prime factors of g(-7)?
2, 7
Let y(t) = 13*t - 3. List the prime factors of y(7).
2, 11
Let d be ((-12)/(-14))/((-3)/(-21)). Suppose 3*f - 13 = d*f - 5*g, -31 = -4*f - 3*g. Let y = 4 + f. What are the prime factors of y?
2
Let b(j) = 8*j**2 - 2*j**3 + 9*j + j**3 - 7*j - 12. List the prime factors of b(8).
2
Suppose 5*a = -2*j + 21, 0*j + 9 = a + 2*j. Let c = a + 0. What are the prime factors of (2 - 1) + 1 + c?
5
Let k(c) = 11*c**3 - 2*c**2 + 5*c - 6. What are the prime factors of k(3)?
2, 3
Let z = -10 + 73. List the prime factors of z.
3, 7
Let w = -22 - -63. What are the prime factors of w?
41
Let r be 4/(0 - 2)*-2. Let f(y) = -2*y + 1 + 2*y**2 + 2*y**2 - 3*y**2. List the prime factors of f(r).
3
Let a be ((-3)/(-1))/(-3) + 0. Let t(z) = 8*z - 1. Let w be t(1). Let p = w + a. List the prime factors of p.
2, 3
Let n(x) be the third derivative of -x**6/120 - x**5/20 - x**4/8 + x**2. Suppose 3*b + 3*b + 18 = 0. What are the prime factors of n(b)?
3
List the prime factors of 0 - -9*14/2.
3, 7
List the prime factors of 3/(-5) - 2306/(-10).
2, 5, 23
Let i = 53 + -31. What are the prime factors of i?
2, 11
Let r(i) = -i**2 + 8*i - 4. Suppose 2*c - 2*y - 6 = 0, -3*c + 17 = 2*y - 12. List the prime factors of r(c).
3
Let f be (5 - 1)*(-2)/(-4). Suppose -f*q = -3*u - 1, -3*u + 4 + 7 = 4*q. List the prime factors of u/(-3) - 38/(-6).
2, 3
Let f(m) = m**2 + 3*m + 3. Let c(w) = 4*w**2 + 11*w + 12. Let o(n) = -2*c(n) + 9*f(n). Let q be o(-7). Let r = 2 + q. What are the prime factors of r?
19
Let n(i) = i**3 + 5*i**2 - 2*i + 8. List the prime factors of n(-4).
2
Suppose -141 = -2*w + y, 1 = 2*y - 5. List the prime factors of w.
2, 3
Let v(t) = 4*t - 3*t**2 + 2*t + 5*t**2 - 3*t**2. Let h be v(6). Suppose -6*a + a + 55 = h. What are the prime factors of a?
11
Let k be (1 + -1)/(3 - 1). Let q be k/(-1*(-2 - -3)). Let p = 7 + q. List the prime factors of p.
7
Suppose 0 = -a - 4*l + 52, -1 = -4*l - 5. Suppose -2*r = g - 77, -5*g + a = r - g. Suppose -2*n = 4*t - r, 5*n - 2*t - 62 = -5*t. List the prime factors of n.
2, 5
Let v be (-4 - -6)*1/1. Suppose -3*j = -v*j - 33. List the prime factors of j.
3, 11
Let c(n) be the first derivative of n**3/3 + 7*n**2/2 + 9*n - 3. List the prime factors of c(-7).
3
Let d be (-4 - -5) + (-1 - -14). Let j = 16 + d. What are the prime factors of j?
2, 3, 5
Suppose 3*g - 3*m = -4*m + 91, 0 = 2*g + 2*m - 54. List the prime factors of g.
2
Let j = -18 - -50. What are the prime factors of j?
2
Let z be (6 - 3 - 1) + 48. Let o = z + 21. Suppose 5*w - o = -21. What are the prime factors of w?
2, 5
Suppose 2*r = 2, 3*l + 4*r = 26 - 7. Suppose 5*x - 22 = 2*u, -u + l*x - 21 = -0. Let b = 12 + u. What are the prime factors of b?
11
Let u be 1/4 + 166/8. Suppose p + 14 = 4*s + 5, -p + 2*s = 11. Let q = p + u. List the prime factors of q.
2
Suppose -t - 3 + 13 = 0. Let g be 2/(-12) - 52/(-24). Let r = t - g. List the prime factors of r.
2
List the prime factors of (-1)/(-1)*(5 - -20).
5
Let p be (-1 - (0 + 1)) + 150. Suppose 4*g - o = -5*o + p, 130 = 4*g - 2*o. List the prime factors of g.
2, 17
Let y = 8 - 7. Let q(s) = s**3 + s**2 - 2*s + 1. Let h be q(y). Suppose h + 3 = l. What are the prime factors of l?
2
Let z(d) = -5*d**2 + 9*d - d + 4*d**2 + 1. What are the prime factors of z(5)?
2
Let s = 21 + 14. Let j = -19 + s. Suppose 4*a - j = 0, d - 4 = 5*d - 3*a. List the prime factors of d.
2
Let x = 227 + -83. What are the prime factors of x?
2, 3
Let l = 2 + -8. Let c be 3/(-1*3) + l. Let y = c - -12. List the prime factors of y.
5
Let m = -56 + 96. What are the prime factors of m?
2, 5
Let u = 92 + -36. What are the prime factors of u?
2, 7
Let i = -134 - -432. List the prime factors of i.
2, 149
Let d = -77 - -117. List the prime factors of d.
2, 5
Let a be 2/8 - 231/12. What are the prime factors of (-5)/(15/9) - a?
2
Suppose 0 = 2*v + 12 + 12. Let h(q) = -q**3 - 13*q**2 - 13*q + 5. What are the prime factors of h(v)?
17
Let v(p) = -p**2 + 5*p + 4. Let i(a) = a + 16. Let o be i(-11). List the prime factors of v(o).
2
Suppose -3*f = -f - 24. List the prime factors of f.
2, 3
Suppose -6*s + s + 3*g = -413, -g - 81 = -s. What are the prime factors of s?
5, 17
Let x = 11 - 6. Suppose -8*b = -3*b - 4*i - 18, -b = -x*i + 9. Suppose b*d - 24 = 2*d. What are the prime factors of d?
2, 3
Let h(c) = -9*c - 24. What are the prime factors of h(-18)?
2, 3, 23
Let f = 632 + -396. What are the prime factors of f?
2, 59
Let b(r) = -r**2 - 9*r - 9. Let v be b(-7). Suppose l - v = 10. List the prime factors of l.
3, 5
Suppose -4*s - 4 + 44 = w, 0 = -w - 2*s + 34. What are the prime factors of w/42 + 62/6?
11
Suppose 5*i + 7*z = 4*z + 276, 0 = -4*i - 3*z + 222. Let p = -37 + i. List the prime factors of p.
17
Let n be -6*(-2 + (-2)/4). Suppose -4*u - u = -n. List the prime factors of u.
3
Let q(d) = -d**2 + d + 1. Let p be q(-1). Let v(i) = -20*i**3 - 2*i**2 + 1. List the prime factors of v(p).
19
Let f = -124 - -231. Suppose -22 + f = 5*h. List the prime factors of h.
17
Suppose -y = y - 12. Suppose -4 = g + z, -2*g + 2*z - y = 5*z. Let t = 5 - g. What are the prime factors of t?
11
Suppose 2*z - 48 = 4*b, -z - 3*b = -34 - 15. What are the prime factors of z?
2, 17
Suppose -9*v + 7*v = -38. What are the prime factors of v?
19
Let f be (-2)/12 - 35/6. Let g(m) = -m - 3. List the prime factors of g(f).
3
Suppose 0 = -t - 0*t - 1. Let s = 1 - t. Suppose -s*n + 4 = -o - 0*o, 4*n + 4*o = 20. What are the prime factors of n?
3
Suppose -n = -106 - 124. List the prime factors of n.
2, 5, 23
Suppose 5*b + 3*d + 5 = 0, -b - 5*d + 10 + 11 = 0. List the prime factors of (b - -2)/(6/(-21)).
7
List the prime factors of ((-40)/(-225) + 4/18)*335.
2, 67
Let q = 203 - 36. What are the prime factors of q?
167
Let q = -2 + 1. Let m(g) = -9*g**3 - 3*g + g + 3*g. List the prime factors of m(q).
2
Suppose 173 = 2*n - 3*t + 44, -5*t = 2*n - 153. Suppose 2*u = 6*u - z - n, -3*u - 3*z = -63. What are the prime factors of u?
2, 3
Let q(n) be the third derivative of -n**4/4 - 5*n**3/6 - 9*n**2. List the prime factors of q(-8).
43
Suppose 2*i - 17 - 15 = 0. Suppose 3*t - 2*b - i = 0, 2*t = -t - 3*b + 6. List the prime factors of 10 - 2/t*2.
3
Let j(l) be the third derivative of -l**4/24 + 7*l**3/6 + 2*l**2. Let d be j(4). Suppose 0*k + 27 = d*k. What are the prime factors of k?
3
Suppose -3*a - 242 = -5*d - 41, 3*d - 115 = -a. List the prime factors of d.
3, 13
Suppose 4*m + 2*w + 40 = 0, -m + w = 4*w + 5. Let q = 28 + m. List the prime factors of q.
17
Suppose h + q + 2*q + 2 = 0, h - 3*q = 4. List the prime factors of (h - 0) + -8 + 24.
17
Suppose 3*n + 0*b = -b + 261, 3*b = -9. What are the prime factors of n?
2, 11
Let t(q) = q**2 - q + 4. Let w be t(4). What are the prime factors of w + 1/(4/8)?
2, 3
Let f(n) = -n**3 + 8*n**2 + 10*n - 12. Let r be f(9). Let a(c) = c + 2. Let o be a(3). Let m = o - r. List the prime factors of m.
2
What are the prime factors of 38/171 - 4082/(-18)?
227
Let b(u) = -3*u - 1. Let r be b(-2). Suppose 4 = -4*o, 0*x - 16 = -x - r*o. List the prime factors of x.
3, 7
Suppose -34 = 5*a + y - 346, 3*a - 4*y - 201 = 0. What are the prime factors of a?
3, 7
Let j(q) = q - 1. Let y be j(5). Suppose -y*v + h = -92, v - 30 = 4*h - 7. List the prime facto